s of 3529099314?
2, 3, 13, 173, 29059
What are the prime factors of 120382061?
607, 198323
What are the prime factors of 2226549353?
7, 1873, 169823
List the prime factors of 313110283.
2399, 130517
What are the prime factors of 576262231?
5347, 107773
What are the prime factors of 6193473961?
283, 21885067
What are the prime factors of 1418368490?
2, 5, 7, 11, 181, 10177
What are the prime factors of 3330242088?
2, 3, 337, 411751
What are the prime factors of 25954292?
2, 7, 13, 113, 631
What are the prime factors of 2528161667?
35311, 71597
What are the prime factors of 1650085474?
2, 1567, 526511
What are the prime factors of 873943437?
3, 19, 83, 184727
List the prime factors of 71318709.
3, 7, 11, 102913
List the prime factors of 21472303.
139, 179, 863
List the prime factors of 1605942565.
5, 173, 1856581
What are the prime factors of 248173604?
2, 7, 8863343
List the prime factors of 1841827659.
3, 7, 683, 128413
List the prime factors of 103862596.
2, 67, 373, 1039
What are the prime factors of 4596297854?
2, 17, 135185231
What are the prime factors of 55067304?
2, 3, 1187, 1933
List the prime factors of 968112021.
3, 23, 14030609
What are the prime factors of 1230744737?
353, 3486529
What are the prime factors of 6336918?
2, 3, 7, 19, 2647
What are the prime factors of 90547972?
2, 22636993
What are the prime factors of 2980541175?
3, 5, 107, 137, 2711
What are the prime factors of 811515114?
2, 3, 739, 61007
List the prime factors of 1303533817.
19, 3610897
List the prime factors of 42767647.
13, 253063
List the prime factors of 5099611773.
3, 23, 61, 1211597
What are the prime factors of 555556101?
3, 83, 2231149
List the prime factors of 53617682.
2, 26808841
What are the prime factors of 148547735?
5, 7, 4244221
List the prime factors of 135380923.
3881, 34883
List the prime factors of 126963919.
126963919
List the prime factors of 134523863.
134523863
List the prime factors of 79173520.
2, 5, 53, 71, 263
List the prime factors of 639382450.
2, 5, 7, 1826807
What are the prime factors of 190081553?
31, 6131663
What are the prime factors of 69002917?
43, 1604719
What are the prime factors of 186821757?
3, 47, 9397
List the prime factors of 1364177277.
3, 131, 1157063
List the prime factors of 103762649.
6089, 17041
List the prime factors of 84639283.
2447, 34589
List the prime factors of 305121043.
305121043
What are the prime factors of 3871829198?
2, 1935914599
What are the prime factors of 16540535?
5, 11, 311, 967
What are the prime factors of 131886023?
599, 220177
List the prime factors of 13869513.
3, 7, 220151
List the prime factors of 747566731.
747566731
What are the prime factors of 177390593?
19, 29, 97, 3319
What are the prime factors of 1688482750?
2, 5, 227, 29753
List the prime factors of 36772500.
2, 3, 5, 4903
List the prime factors of 885922660.
2, 5, 7, 6328019
List the prime factors of 425148351.
3, 19, 53, 140731
What are the prime factors of 666504834?
2, 3, 4679, 23741
What are the prime factors of 811429342?
2, 405714671
What are the prime factors of 3014274198?
2, 3, 13, 1129, 2633
What are the prime factors of 355564502?
2, 139, 1039, 1231
List the prime factors of 206807721.
3, 68935907
What are the prime factors of 153264243?
3, 11, 4644371
What are the prime factors of 681940730?
2, 5, 68194073
List the prime factors of 2636795953.
11, 239708723
What are the prime factors of 1708006747?
163, 10478569
What are the prime factors of 1750348002?
2, 3, 13, 53, 423403
What are the prime factors of 115462730?
2, 5, 331, 34883
What are the prime factors of 1484596398?
2, 3, 247432733
What are the prime factors of 769858108?
2, 311, 618857
What are the prime factors of 1077651945?
3, 5, 2660869
What are the prime factors of 61693982?
2, 7, 4406713
What are the prime factors of 403755630?
2, 3, 5, 13458521
What are the prime factors of 961131765?
3, 5, 11, 5825041
What are the prime factors of 227369512?
2, 29, 419, 2339
List the prime factors of 2104806.
2, 3, 11, 31891
List the prime factors of 1347441376.
2, 42107543
List the prime factors of 41444072.
2, 197, 26297
What are the prime factors of 318319417?
13, 3407, 7187
What are the prime factors of 195166333?
347, 562439
List the prime factors of 535188788.
2, 133797197
List the prime factors of 51016989.
3, 17005663
List the prime factors of 3044333632.
2, 47, 1012079
What are the prime factors of 2484951383?
2484951383
What are the prime factors of 13473524?
2, 3368381
List the prime factors of 59754541.
7, 11, 17, 191, 239
List the prime factors of 133057590.
2, 3, 5, 4435253
List the prime factors of 227101268.
2, 2477, 22921
What are the prime factors of 45417473?
45417473
List the prime factors of 7974984344.
2, 1151, 866093
What are the prime factors of 3750112599?
3, 1250037533
What are the prime factors of 89139760?
2, 5, 593, 1879
What are the prime factors of 2094585069?
3, 53, 131, 227, 443
List the prime factors of 228690613.
17, 791317
What are the prime factors of 22114931?
4447, 4973
What are the prime factors of 3206590709?
7, 83, 563, 9803
What are the prime factors of 39477899?
2141, 18439
List the prime factors of 193963012.
2, 79, 613807
What are the prime factors of 58436167?
233, 250799
What are the prime factors of 11444121?
3, 13, 97813
What are the prime factors of 295200371?
641, 460531
List the prime factors of 184560444.
2, 3, 189877
What are the prime factors of 4010811335?
5, 3719, 215693
List the prime factors of 253809803.
13, 31, 41, 15361
What are the prime factors of 2814935226?
2, 3, 469155871
What are the prime factors of 2006111627?
13, 29, 409327
List the prime factors of 181014027.
3, 29, 37, 53, 1061
List the prime factors of 652928392.
2, 81616049
What are the prime factors of 4341047755?
5, 11, 37, 263, 8111
List the prime factors of 125615718.
2, 3, 41, 56737
List the prime factors of 1508351945.
5, 17, 83, 213799
What are the prime factors of 54356704?
2, 1698647
What are the prime factors of 2150539?
229, 9391
What are the prime factors of 15641337?
3, 383, 13613
What are the prime factors of 1025937126?
2, 3, 23, 31, 79939
List the prime factors of 79516538.
2, 67, 593407
What are the prime factors of 48916954?
2, 1601, 15277
List the prime factors of 4535980477.
7, 17, 509, 74887
What are the prime factors of 38635881?
3, 37, 107, 3253
What are the prime factors of 504031976?
2, 7, 31, 199, 1459
List the prime factors of 100784195.
5, 131, 151, 1019
What are the prime factors of 228717612?
2, 3, 23, 276229
List the prime factors of 2400955432.
2, 2339, 128311
List the prime factors of 882867769.
7, 126123967
What are the prime factors of 108293804?
2, 2293, 11807
What are the prime factors of 147859516?
2, 7, 29, 211, 863
What are the prime factors of 637239362?
2, 318619681
What are the prime factors of 2698213744?
2, 168638359
List the prime factors of 192122858.
2, 5653, 16993
What are the prime factors of 394032130?
2, 5, 113, 239, 1459
List the prime factors of 184151580.
2, 3, 5, 113, 157, 173
What are the prime factors of 32442718?
2, 7, 11, 293, 719
What are the prime factors of 172795609?
7, 3526441
What are the prime factors of 2162543?
2162543
List the prime factors of 2440160962.
2, 1220080481
What are the prime factors of 27860032?
2, 131, 3323
What are the prime factors of 310674311?
37, 373, 22511
List the prime factors of 1380232959.
3, 7, 65725379
What are the prime factors of 218870284?
2, 53, 1032407
List the prime factors of 1931462416.
2, 13, 71, 130787
What are the prime factors of 1237631320?
2, 5, 2647, 11689
List the prime factors of 1011784116.
2, 3, 7, 317, 37997
List the prime factors of 28374429.
3, 19, 283, 1759
What are the prime factors of 6627244371?
3, 11, 4283, 46889
What are the prime factors of 2350167218?
2, 7, 3989, 42083
What are the prime factors of 36180276?
2, 3, 11, 274093
What are the prime factors of 2198341759?
2198341759
What are the prime factors of 88886694?
2, 3, 13, 1139573
What are the prime factors of 3523192416?
2, 3, 401, 10169
What are the prime factors of 4779864?
2, 3, 22129
List the prime factors of 45693039.
3, 7, 31, 37, 271
List the prime factors of 224023153.
224023153
List the prime factors of 81768453.
3, 13, 17, 53, 179
List the prime fac